15) in base 5?
0
Convert 3 (base 4) to base 2.
11
-192 (base 11) to base 3
-22020
9 (base 16) to base 14
9
-11 (base 3) to base 2
-100
Convert -3 (base 7) to base 2.
-11
What is -cc (base 13) in base 15?
-b3
5 (base 7) to base 14
5
2 (base 9) to base 6
2
What is -3 (base 13) in base 14?
-3
What is 121 (base 6) in base 8?
61
-4 (base 6) to base 8
-4
What is 3 (base 4) in base 8?
3
Convert 5a (base 11) to base 5.
230
What is 1301 (base 4) in base 7?
221
Convert -1 (base 10) to base 4.
-1
Convert -27 (base 16) to base 7.
-54
Convert 4 (base 9) to base 14.
4
Convert -11 (base 4) to base 11.
-5
133 (base 4) to base 7
43
Convert -322 (base 6) to base 7.
-233
What is 1 (base 10) in base 15?
1
-2 (base 13) to base 4
-2
12 (base 7) to base 10
9
-1203 (base 4) to base 6
-243
Convert -404 (base 7) to base 10.
-200
2a (base 15) to base 4
220
What is -14 (base 15) in base 7?
-25
-5 (base 7) to base 3
-12
What is 1 (base 3) in base 9?
1
What is -1 (base 5) in base 14?
-1
Convert -5 (base 16) to base 5.
-10
Convert 7 (base 11) to base 4.
13
222 (base 9) to base 7
350
What is -53 (base 7) in base 5?
-123
31 (base 5) to base 11
15
11 (base 14) to base 5
30
23 (base 7) to base 14
13
-10 (base 6) to base 3
-20
41 (base 7) to base 11
27
What is -38 (base 16) in base 4?
-320
Convert 11 (base 10) to base 5.
21
1 (base 14) to base 6
1
-2f (base 16) to base 13
-38
What is -2 (base 9) in base 16?
-2
Convert -87 (base 11) to base 9.
-115
Convert -1 (base 12) to base 8.
-1
Convert 0 (base 12) to base 5.
0
3 (base 10) to base 15
3
-1ac (base 15) to base 13
-23a
3 (base 16) to base 6
3
What is 1213 (base 5) in base 14?
d1
-212 (base 6) to base 16
-50
Convert -34 (base 8) to base 16.
-1c
Convert -5 (base 9) to base 2.
-101
4 (base 10) to base 2
100
What is -101 (base 2) in base 10?
-5
What is 5 (base 15) in base 6?
5
Convert 11 (base 3) to base 4.
10
What is 4 (base 8) in base 3?
11
15 (base 7) to base 13
c
What is 5b (base 14) in base 13?
63
0 (base 14) to base 5
0
What is -59 (base 16) in base 3?
-10022
What is -70 (base 13) in base 12?
-77
-10 (base 4) to base 11
-4
What is 3 (base 5) in base 8?
3
-5 (base 16) to base 10
-5
-1 (base 8) to base 5
-1
What is -173 (base 10) in base 7?
-335
What is 3 (base 15) in base 8?
3
-1011 (base 2) to base 6
-15
Convert 59 (base 15) to base 2.
1010100
Convert 18 (base 12) to base 14.
16
What is -1 (base 4) in base 16?
-1
What is -1010 (base 2) in base 16?
-a
Convert 31 (base 12) to base 8.
45
-1002 (base 4) to base 12
-56
34 (base 8) to base 13
22
Convert -4 (base 5) to base 8.
-4
-11202 (base 4) to base 9
-433
36 (base 7) to base 15
1c
Convert 212 (base 3) to base 7.
32
Convert 7 (base 9) to base 11.
7
What is -118 (base 9) in base 14?
-70
Convert -13 (base 12) to base 2.
-1111
Convert 19 (base 16) to base 14.
1b
-c (base 13) to base 15
-c
Convert -113 (base 5) to base 10.
-33
Convert 18 (base 13) to base 3.
210
Convert 5 (base 15) to base 8.
5
-12 (base 16) to base 10
-18
Convert 53 (base 6) to base 7.
45
Convert 2 (base 4) to base 6.
2
What is 0 (base 11) in base 10?
0
What is 21 (base 4) in base 10?
9
-53 (base 14) to base 2
-1001001
8 (base 15) to base 9
8
What is -2 (base 6) in base 3?
-2
What is -1 (base 14) in base 15?
-1
-52 (base 8) to base 13
-33
What is -17 (base 16) in base 12?
-1b
Convert 5 (base 8) to base 15.
5
Convert -6 (base 15) to base 10.
-6
What is 23 (base 4) in base 3?
102
-10010101 (base 2) to base 10
-149
What is -2 (base 15) in base 16?
-2
Convert 10 (base 5) to base 16.
5
What is -a (base 12) in base 3?
-101
-a (base 16) to base 5
-20
What is -20 (base 3) in base 10?
-6
17 (base 8) to base 7
21
Convert -a (base 11) to base 2.
-1010
What is 0 (base 7) in base 5?
0
What is 3 (base 16) in base 9?
3
-69 (base 12) to base 4
-1101
What is -51 (base 7) in base 4?
-210
What is 8 (base 15) in base 6?
12
What is 7 (base 16) in base 13?
7
What is 1 (base 14) in base 3?
1
49 (base 13) to base 4
331
0 (base 8) to base 9
0
-10 (base 10) to base 9
-11
0 (base 8) to base 2
0
Convert 41 (base 8) to base 3.
1020
10 (base 2) to base 3
2
Convert 2313 (base 4) to base 8.
267
What is -5 (base 11) in base 16?
-5
What is 160 (base 7) in base 13?
70
-6 (base 11) to base 4
-12
Convert -2 (base 10) to base 2.
-10
Convert 0 (base 11) to base 5.
0
What is -ca (base 14) in base 4?
-2302
-2 (base 5) to base 15
-2
What is 2044 (base 5) in base 14?
158
Convert -101101 (base 2) to base 12.
-39
What is 50 (base 10) in base 6?
122
0 (base 2) to base 14
0
What is 1 (base 16) in base 14?
1
110001 (base 2) to base 15
34
-20 (base 13) to base 11
-24
-45 (base 15) to base 12
-55
Convert -101 (base 4) to base 3.
-122
What is 6 (base 7) in base 5?
11
What is 30 (base 4) in base 11?
11
-3 (base 8) to base 2
-11
What is -13 (base 8) in base 12?
-b
What is 1 (base 3) in base 8?
1
Convert 21 (base 4) to base 6.
13
-18 (base 13) to base 5
-41
Convert 13 (base 8) to base 9.
12
-2102 (base 3) to base 16
-41
Convert -121 (base 3) to base 9.
-17
Convert -152 (base 15) to base 4.
-10232
What is 7 (base 10) in base 3?
21
-10 (base 2) to base 9
-2
Convert -108 (base 10) to base 12.
-90
What is 7 (base 16) in base 6?
11
Convert 2 (base 5) to base 4.
2
What is 15 (base 7) in base 4?
30
7b (base 12) to base 3
10112
Convert -11 (base 2) to base 7.
-3
What is 144 (base 5) in base 14?
37
Convert 103 (base 6) to base 3.
1110
Convert 74 (base 13) to base 12.
7b
-2 (base 11) to base 7
-2
5 (base 6) to base 13
5
-34 (base 5) to base 15
-14
Convert 6 (base 9) to base 12.
6
What is 7 (base 13) in base 8?
7
What is -10000 (base 2) in base 4?
-100
-3 (base 11) to base 2
-11
-10011 (base 3) to base 11
-78
What is 11 (base 3) in base 8?
4
-100 (base 3) to base 8
-11
5 (base 8) to base 7
5
Convert -27 (base 9) to base 10.
-25
What is -10010001 (base 2) in base 8?
-221
Convert 16 (base 16) to base 7.
31
20 (base 4) to base 12
8
Convert 3 (base 12) to base 7.
3
106 (base 13) to base 11
14a
Convert 74 (base 13) to base 15.
65
What is 20 (base 7) in base 6?
22
4 (base 13) to base 3
11
Convert -3 (base 10) to base 12.
-3
What is -13 (base 11) in base 5?
-24
What is -2 (base 15) in base 13?
-2
0 (base 8) to base 11
0
-2 (base 9) to base 8
-2
What is 10211 (base 4) in base 16?
125
Convert -12 (base 3) to base 15.
-5
What is 13 (base 5) in base 11?
8
What is -21 (base 10) in base 11?
-1a
What is 4 (base 10) in base 11?
4
What is -100020 (base 3) in base 9?
-306
-24 (base 16) to base 11
-33
Convert 4 (base 7) to base 8.
4
What is -1 (base 10) in base 5?
-1
What is -1053 (base 6) in base 3?
-100020
What is -5 (base 13) in base 10?
-5
Convert -77 (base 11) to base 8.
-124
Convert 502 (base 8) to base 3.
102221
-1021 (base 4) to base 7
-133
What is -13 (base 11) in base 6?
-22
Convert -4 (base 11) to base 16.
-4
What is 2 (base 11) in base 14?
2
Convert -1c (base 14) to base 8.
-32
What is -10 (base 16) in base 9?
-17
Convert 1110 (base 2) to base 9.
15
Convert -3 (base 15) to base 2.
-11
Convert -31 (base 6) to base 15.
-14
Convert 2 (base 13) to base 8.
2
What is 5 (base 12) in base 9?
5
What is -37 (base 9) in base 2?
-100010
Convert -12 (base 12) to base 6.
-22
-10 (base 4) to base 3
-11
111 (base 2) to base 11
7
Convert 22022 (base 3) to base 11.
194
12 (base 13) to base 11
14
2 (base 5) to base 4
2
Convert 20 (base 3) to base 6.
10
Convert 59 (base 16) to base 3.
10022
Convert -111 (base 2) to base 8.
-7
What is -67 (base 12) in base 13?
-61
Convert -44 (base 5) to base 7.
-33
What is 56 (base 10) in base 11?
51
Convert -52 (base 6) to base 10.
-32
What is -541 (base 6) in base 3?
-21121
Convert 1000 (base 2) to base 4.
20
Convert 90 (base 14) to base 4.
1332
Convert -3 (base 11) to base 13.
-3
What is 64 (base 8) in base 13?
40
What is 1011 (base 2) in base 11?
10
Convert -2211 (base 3) to base 9.
-84
Convert 61 (base 11) to base 15.
47
42 (base 6) to base 13
20
Convert -11a (base 16) to base 5.
-2112
Convert 1223 (base 5) to base 8.
274
What is -125 (base 7) in base 2?
-1000100
What is -156 (base 9) in base 16?
-84
6c (base 14) to base 12
80
What is -4 (base 15) in base 2?
-100
Convert -10 (base 2) to base 13.
-2
122 (base 9) to base 4
1211
1010 (base 3) to base 9
33
Convert 3 (base 7) to base 15.
3
What is -1011000 (base 2) in base 4?
-1120
-b3 (base 12) to base 13
-a5
8b (ba